ds digit of 1425980?
9
What is the hundreds digit of 2457072?
0
What is the units digit of 2555586?
6
What is the hundreds digit of 2492501?
5
What is the millions digit of 7959926?
7
What is the tens digit of 1149155?
5
What is the thousands digit of 2532770?
2
What is the ten millions digit of 21713894?
2
What is the thousands digit of 6371621?
1
What is the ten millions digit of 14489831?
1
What is the thousands digit of 140700?
0
What is the thousands digit of 3212521?
2
What is the units digit of 955540?
0
What is the thousands digit of 4941814?
1
What is the millions digit of 2576653?
2
What is the hundreds digit of 717224?
2
What is the hundreds digit of 398247?
2
What is the thousands digit of 89290?
9
What is the ten millions digit of 12285021?
1
What is the ten thousands digit of 2602968?
0
What is the millions digit of 2100715?
2
What is the millions digit of 13122522?
3
What is the ten millions digit of 17200552?
1
What is the thousands digit of 47829?
7
What is the units digit of 22467709?
9
What is the units digit of 14398031?
1
What is the thousands digit of 4809664?
9
What is the millions digit of 11427537?
1
What is the tens digit of 422223?
2
What is the tens digit of 376245?
4
What is the hundred thousands digit of 32510848?
5
What is the thousands digit of 262135?
2
What is the tens digit of 772215?
1
What is the units digit of 1023290?
0
What is the millions digit of 6812733?
6
What is the tens digit of 489278?
7
What is the millions digit of 3674032?
3
What is the hundreds digit of 8126119?
1
What is the hundred thousands digit of 1252988?
2
What is the hundreds digit of 222354?
3
What is the ten thousands digit of 1106373?
0
What is the hundreds digit of 18494?
4
What is the thousands digit of 591359?
1
What is the hundred thousands digit of 4337407?
3
What is the thousands digit of 232532?
2
What is the thousands digit of 331169?
1
What is the hundreds digit of 1965406?
4
What is the hundred thousands digit of 4653375?
6
What is the thousands digit of 20259447?
9
What is the hundred thousands digit of 5201583?
2
What is the units digit of 21896321?
1
What is the thousands digit of 3961162?
1
What is the units digit of 169934?
4
What is the hundred thousands digit of 3844640?
8
What is the hundreds digit of 204691?
6
What is the hundred thousands digit of 961817?
9
What is the thousands digit of 4139460?
9
What is the ten thousands digit of 6901063?
0
What is the hundred thousands digit of 208891?
2
What is the units digit of 564704?
4
What is the hundred thousands digit of 4492523?
4
What is the millions digit of 31466562?
1
What is the thousands digit of 241550?
1
What is the units digit of 5097856?
6
What is the thousands digit of 30172184?
2
What is the hundred thousands digit of 777367?
7
What is the thousands digit of 6312871?
2
What is the hundreds digit of 32126381?
3
What is the units digit of 260990?
0
What is the units digit of 1672617?
7
What is the ten thousands digit of 5652926?
5
What is the thousands digit of 112831?
2
What is the tens digit of 484947?
4
What is the millions digit of 4712857?
4
What is the hundred thousands digit of 7903439?
9
What is the hundred thousands digit of 12952940?
9
What is the thousands digit of 35722?
5
What is the thousands digit of 1639810?
9
What is the hundred thousands digit of 728485?
7
What is the millions digit of 1068839?
1
What is the units digit of 2746695?
5
What is the tens digit of 297318?
1
What is the thousands digit of 20357192?
7
What is the hundred thousands digit of 7786601?
7
What is the hundreds digit of 5631022?
0
What is the hundred thousands digit of 751450?
7
What is the ten thousands digit of 159920?
5
What is the ten thousands digit of 213216?
1
What is the thousands digit of 219345?
9
What is the hundreds digit of 11939739?
7
What is the thousands digit of 1290067?
0
What is the thousands digit of 602123?
2
What is the ten thousands digit of 405318?
0
What is the hundreds digit of 360808?
8
What is the ten thousands digit of 72463?
7
What is the hundred thousands digit of 1241749?
2
What is the hundreds digit of 14572805?
8
What is the tens digit of 6289652?
5
What is the thousands digit of 474904?
4
What is the thousands digit of 808590?
8
What is the tens digit of 304100?
0
What is the thousands digit of 230251?
0
What is the tens digit of 173408?
0
What is the thousands digit of 11764973?
4
What is the hundred thousands digit of 890742?
8
What is the tens digit of 2814149?
4
What is the thousands digit of 3245517?
5
What is the units digit of 583260?
0
What is the hundred thousands digit of 1870314?
8
What is the units digit of 57482?
2
What is the thousands digit of 34195?
4
What is the hundreds digit of 2849073?
0
What is the thousands digit of 101248?
1
What is the ten millions digit of 17889822?
1
What is the ten thousands digit of 3942814?
4
What is the ten thousands digit of 5652198?
5
What is the ten thousands digit of 1632439?
3
What is the thousands digit of 3141129?
1
What is the hundreds digit of 326193?
1
What is the hundreds digit of 4208238?
2
What is the tens digit of 181720?
2
What is the hundreds digit of 2172198?
1
What is the hundreds digit of 24328342?
3
What is the units digit of 132831?
1
What is the ten thousands digit of 341112?
4
What is the hundred thousands digit of 4468576?
4
What is the thousands digit of 104991?
4
What is the ten thousands digit of 31003?
3
What is the tens digit of 737986?
8
What is the hundreds digit of 685729?
7
What is the thousands digit of 1607776?
7
What is the thousands digit of 4605329?
5
What is the millions digit of 3384654?
3
What is the hundred thousands digit of 7339977?
3
What is the thousands digit of 330614?
0
What is the ten thousands digit of 366149?
6
What is the hundred thousands digit of 229837?
2
What is the thousands digit of 2388523?
8
What is the tens digit of 9653949?
4
What is the tens digit of 3456209?
0
What is the ten thousands digit of 39715?
3
What is the units digit of 2902220?
0
What is the hundreds digit of 1138126?
1
What is the thousands digit of 832210?
2
What is the units digit of 7677410?
0
What is the units digit of 210456?
6
What is the ten thousands digit of 3265637?
6
What is the ten thousands digit of 5479948?
7
What is the ten thousands digit of 120317?
2
What is the units digit of 758799?
9
What is the thousands digit of 7793050?
3
What is the tens digit of 9482157?
5
What is the millions digit of 5605962?
5
What is the units digit of 908017?
7
What is the thousands digit of 94062?
4
What is the ten thousands digit of 18293712?
9
What is the millions digit of 5998269?
5
What is the ten thousands digit of 100689?
0
What is the tens digit of 30553580?
8
What is the hundred thousands digit of 130898?
1
What is the millions digit of 7260330?
7
What is the ten thousands digit of 4335648?
3
What is the thousands digit of 581485?
1
What is the thousands digit of 4307603?
7
What is the hundreds digit of 294525?
5
What is the units digit of 12419515?
5
What is the hundreds digit of 26294?
2
What is the hundred thousands digit of 9305881?
3
What is the units digit of 288251?
1
What is the units digit of 339250?
0
What is the hundreds digit of 1778873?
8
What is the hundred thousands digit of 1918863?
9
What is the units digit of 574635?
5
What is the ten thousands digit of 521993?
2
What is the ten thousands digit of 80733?
8
What is the hundred thousands digit of 1303781?
3
What is the hundreds digit of 795691?
6
What is the tens digit of 77844?
4
What is the thousands digit of 256171?
6
What is the thousands digit of 237813?
7
What is the ten thousands digit of 176561?
7
What is the millions digit of 4524160?
4
What is the hundreds digit of 425773?
7
What is the units digit of 12310017?
7
What is the units digit of 2348945?
5
What is the tens digit of 7714061?
6
What is the units digit of 13043643?
3
What is the tens digit of 803322?
2
What is the units digit of 110471?
1
What is the hundreds digit of 2761322?
3
What is the hundred thousands digit of 842135?
8
What is the millions digit of 8169517?
8
What is the hundreds digit of 1782083?
0
What is the thousands digit of 313521?
3
What is the tens digit of 4371971?
7
What is the ten thousands digit of 16